{"id":6518,"date":"2024-08-07T21:11:41","date_gmt":"2024-08-07T21:11:41","guid":{"rendered":"https:\/\/satoru.com.mx\/?post_type=product&#038;p=6518"},"modified":"2025-06-14T18:41:13","modified_gmt":"2025-06-14T18:41:13","slug":"paquete-de-12-bowls-de-pasta-ramen-coreano-picante-ottogi-110g-copia","status":"publish","type":"product","link":"https:\/\/satoru.com.mx\/?product=paquete-de-12-bowls-de-pasta-ramen-coreano-picante-ottogi-110g-copia","title":{"rendered":"Paquete de 12 bowls de pasta Ramen Coreano Muy Picante Ottogi 110g"},"content":{"rendered":"<p>Contiene:<br \/>\n12 piezas de Bowl Ramen Corenao Muy Picoso de 110gr c\/u<br \/>\nSatisface tus antojos de una comida fogosa y llena de sabor con nuestra Pasta Ramen Picoso 110g. Del\u00e9itate con la combinaci\u00f3n perfecta de fideos al estilo coreano hechos con harina de trigo, combinados con una salsa extra picante que seguramente te llevar\u00e1 a una aventura culinaria como ninguna otra.<br \/>\nEsta deliciosa pasta de ramen est\u00e1 meticulosamente elaborada para satisfacer incluso a los paladares m\u00e1s exigentes de los amantes del ramen. Crea una experiencia deliciosa mientras saboreas cada bocado de este aut\u00e9ntico manjar de inspiraci\u00f3n asi\u00e1tica en casa o en el trabajo.<\/p>\n","protected":false},"excerpt":{"rendered":"<p>Contiene:<br \/>\n12 piezas de Bowl Ramen Corenao Muy Picoso de 110gr c\/u<br \/>\nSatisface tus antojos de una comida fogosa y llena de sabor con nuestra Pasta Ramen Picoso 110g. Del\u00e9itate con la combinaci\u00f3n perfecta de fideos al estilo coreano hechos con harina de trigo, combinados con una salsa extra picante que seguramente te llevar\u00e1 a una aventura culinaria como ninguna otra.<br \/>\nEsta deliciosa pasta de ramen est\u00e1 meticulosamente elaborada para satisfacer incluso a los paladares m\u00e1s exigentes de los amantes del ramen. Crea una experiencia deliciosa mientras saboreas cada bocado de este aut\u00e9ntico manjar de inspiraci\u00f3n asi\u00e1tica en casa o en el trabajo.<\/p>\n","protected":false},"featured_media":6519,"comment_status":"closed","ping_status":"closed","template":"","meta":{"_uf_show_specific_survey":0,"_uf_disable_surveys":false},"product_cat":[264],"product_tag":[360,357,359,367],"aioseo_notices":[],"jetpack_sharing_enabled":true,"_links":{"self":[{"href":"https:\/\/satoru.com.mx\/index.php?rest_route=\/wp\/v2\/product\/6518"}],"collection":[{"href":"https:\/\/satoru.com.mx\/index.php?rest_route=\/wp\/v2\/product"}],"about":[{"href":"https:\/\/satoru.com.mx\/index.php?rest_route=\/wp\/v2\/types\/product"}],"replies":[{"embeddable":true,"href":"https:\/\/satoru.com.mx\/index.php?rest_route=%2Fwp%2Fv2%2Fcomments&post=6518"}],"wp:featuredmedia":[{"embeddable":true,"href":"https:\/\/satoru.com.mx\/index.php?rest_route=\/wp\/v2\/media\/6519"}],"wp:attachment":[{"href":"https:\/\/satoru.com.mx\/index.php?rest_route=%2Fwp%2Fv2%2Fmedia&parent=6518"}],"wp:term":[{"taxonomy":"product_cat","embeddable":true,"href":"https:\/\/satoru.com.mx\/index.php?rest_route=%2Fwp%2Fv2%2Fproduct_cat&post=6518"},{"taxonomy":"product_tag","embeddable":true,"href":"https:\/\/satoru.com.mx\/index.php?rest_route=%2Fwp%2Fv2%2Fproduct_tag&post=6518"}],"curies":[{"name":"wp","href":"https:\/\/api.w.org\/{rel}","templated":true}]}}