{"id":5346,"date":"2024-03-12T16:11:29","date_gmt":"2024-03-12T16:11:29","guid":{"rendered":"https:\/\/satoru.com.mx\/?product=wasabi-en-polvo-200g-aderezo-picante"},"modified":"2025-12-26T18:42:43","modified_gmt":"2025-12-26T18:42:43","slug":"wasabi-en-polvo-200g-aderezo-picante","status":"publish","type":"product","link":"https:\/\/satoru.com.mx\/?product=wasabi-en-polvo-200g-aderezo-picante","title":{"rendered":"Wasabi en Polvo 200g (Aderezo picante)"},"content":{"rendered":"<p><strong>Contenido: 200 g de Wasabi en polvo<\/strong><\/p>\n<p>\u00a1El wasabi en polvo SATORU\u00ae le dar\u00e1 un toque picante y diferente a tus platillos!<br \/>\nEste aderezo hecho a base de una ra\u00edz picante en polvo se prepara f\u00e1cilmente agregando agua y mezclando bien. \u00dasalo para darle sabor a tu sushi, pescado crudo o arroz y acomp\u00e1\u00f1alo con salsa de soya.<\/p>\n<p>M\u00e1s que s\u00f3lo picante, este condimento japon\u00e9s aporta vitaminas y minerales que benefician tu salud. Su contenido de vitamina C ayuda a despejar tus v\u00edas respiratorias y sus propiedades antibacterianas te ayudan a prevenir infecciones. Su contenido de hierro ayuda a acelerar tu metabolismo y facilita la digesti\u00f3n de tus alimentos balanceados<\/p>\n","protected":false},"excerpt":{"rendered":"<p>\u00a1El wasabi en polvo SATORU\u00ae le dar\u00e1 un toque picante y diferente a tus platillos!<br \/>\nEste aderezo hecho a base de una ra\u00edz picante en polvo se prepara f\u00e1cilmente agregando agua y mezclando bien. \u00dasalo para darle sabor a tu sushi, pescado crudo o arroz y acomp\u00e1\u00f1alo con salsa de soya.<\/p>\n<p>M\u00e1s que s\u00f3lo picante, este condimento japon\u00e9s aporta vitaminas y minerales que benefician tu salud. Su contenido de vitamina C ayuda a despejar tus v\u00edas respiratorias y sus propiedades antibacterianas te ayudan a prevenir infecciones. Su contenido de hierro ayuda a acelerar tu metabolismo y facilita la digesti\u00f3n de tus alimentos balanceados.<\/p>\n","protected":false},"featured_media":5980,"comment_status":"closed","ping_status":"closed","template":"","meta":{"_uf_show_specific_survey":0,"_uf_disable_surveys":false},"product_cat":[331,19],"product_tag":[285,366,364],"aioseo_notices":[],"jetpack_sharing_enabled":true,"_links":{"self":[{"href":"https:\/\/satoru.com.mx\/index.php?rest_route=\/wp\/v2\/product\/5346"}],"collection":[{"href":"https:\/\/satoru.com.mx\/index.php?rest_route=\/wp\/v2\/product"}],"about":[{"href":"https:\/\/satoru.com.mx\/index.php?rest_route=\/wp\/v2\/types\/product"}],"replies":[{"embeddable":true,"href":"https:\/\/satoru.com.mx\/index.php?rest_route=%2Fwp%2Fv2%2Fcomments&post=5346"}],"wp:featuredmedia":[{"embeddable":true,"href":"https:\/\/satoru.com.mx\/index.php?rest_route=\/wp\/v2\/media\/5980"}],"wp:attachment":[{"href":"https:\/\/satoru.com.mx\/index.php?rest_route=%2Fwp%2Fv2%2Fmedia&parent=5346"}],"wp:term":[{"taxonomy":"product_cat","embeddable":true,"href":"https:\/\/satoru.com.mx\/index.php?rest_route=%2Fwp%2Fv2%2Fproduct_cat&post=5346"},{"taxonomy":"product_tag","embeddable":true,"href":"https:\/\/satoru.com.mx\/index.php?rest_route=%2Fwp%2Fv2%2Fproduct_tag&post=5346"}],"curies":[{"name":"wp","href":"https:\/\/api.w.org\/{rel}","templated":true}]}}