{"id":5345,"date":"2024-03-12T16:11:28","date_gmt":"2024-03-12T16:11:28","guid":{"rendered":"https:\/\/satoru.com.mx\/?product=vinagre-de-arroz-275ml"},"modified":"2025-11-13T00:18:37","modified_gmt":"2025-11-13T00:18:37","slug":"vinagre-de-arroz-275ml","status":"publish","type":"product","link":"https:\/\/satoru.com.mx\/?product=vinagre-de-arroz-275ml","title":{"rendered":"Vinagre de Arroz 275ml"},"content":{"rendered":"<p>Contenido: 275 ml de Vinagre de arroz.<\/p>\n<p>Preparar Sushi no tiene por qu\u00e9 ser complicado y en Satoru buscamos ayudarte a que tu experiencia sea lo m\u00e1s sencilla posible. No te preocupes m\u00e1s por encontrar los ingredientes adecuados para preparar Arroz para Sushi, con nosotros encuentras todos los ingredientes inmediatamente, incluyendo el Vinagre de arroz, y los ponemos a tu alcance a tan solo unos clicks de distancia.<\/p>\n<p>El Vinagre de arroz es elaborado a partir del producto de la fermentaci\u00f3n del arroz, usado en la cocina japonesa. Conoce toda la nueva variedad de platillos que puedes agregar a tu d\u00ed\u00ada a d\u00ed\u00ada con este Vinagre.<\/p>\n<p>\u00a1Agrega un sabor diferente a tus platillos! Con el Vinagre de arroz se sazonan numerosos platos, principalmente el Sushi. Prepara tu Arroz para Sushi en casa f\u00e1cil y r\u00e1pido.<\/p>\n","protected":false},"excerpt":{"rendered":"<p>Contenido: 275 ml de Vinagre de arroz.<\/p>\n<p>Preparar Sushi no tiene por qu\u00e9 ser complicado y en Satoru buscamos ayudarte a que tu experiencia sea lo m\u00e1s sencilla posible. No te preocupes m\u00e1s por encontrar los ingredientes adecuados para preparar Arroz para Sushi, con nosotros encuentras todos los ingredientes inmediatamente, incluyendo el Vinagre de arroz, y los ponemos a tu alcance a tan solo unos clicks de distancia.<\/p>\n<p>El Vinagre de arroz es elaborado a partir del producto de la fermentaci\u00f3n del arroz, usado en la cocina japonesa. Conoce toda la nueva variedad de platillos que puedes agregar a tu d\u00ed\u00ada a d\u00ed\u00ada con este Vinagre.<\/p>\n<p>\u00a1Agrega un sabor diferente a tus platillos! Con el Vinagre de arroz se sazonan numerosos platos, principalmente el Sushi. Prepara tu Arroz para Sushi en casa f\u00e1cil y r\u00e1pido.<\/p>\n","protected":false},"featured_media":5622,"comment_status":"closed","ping_status":"closed","template":"","meta":{"_uf_show_specific_survey":0,"_uf_disable_surveys":false},"product_cat":[19],"product_tag":[285,365],"aioseo_notices":[],"jetpack_sharing_enabled":true,"_links":{"self":[{"href":"https:\/\/satoru.com.mx\/index.php?rest_route=\/wp\/v2\/product\/5345"}],"collection":[{"href":"https:\/\/satoru.com.mx\/index.php?rest_route=\/wp\/v2\/product"}],"about":[{"href":"https:\/\/satoru.com.mx\/index.php?rest_route=\/wp\/v2\/types\/product"}],"replies":[{"embeddable":true,"href":"https:\/\/satoru.com.mx\/index.php?rest_route=%2Fwp%2Fv2%2Fcomments&post=5345"}],"wp:featuredmedia":[{"embeddable":true,"href":"https:\/\/satoru.com.mx\/index.php?rest_route=\/wp\/v2\/media\/5622"}],"wp:attachment":[{"href":"https:\/\/satoru.com.mx\/index.php?rest_route=%2Fwp%2Fv2%2Fmedia&parent=5345"}],"wp:term":[{"taxonomy":"product_cat","embeddable":true,"href":"https:\/\/satoru.com.mx\/index.php?rest_route=%2Fwp%2Fv2%2Fproduct_cat&post=5345"},{"taxonomy":"product_tag","embeddable":true,"href":"https:\/\/satoru.com.mx\/index.php?rest_route=%2Fwp%2Fv2%2Fproduct_tag&post=5345"}],"curies":[{"name":"wp","href":"https:\/\/api.w.org\/{rel}","templated":true}]}}