{"id":5330,"date":"2024-03-12T16:11:27","date_gmt":"2024-03-12T16:11:27","guid":{"rendered":"https:\/\/satoru.com.mx\/?product=salsa-de-soya-natural-de-5-litros"},"modified":"2025-07-21T21:41:31","modified_gmt":"2025-07-21T21:41:31","slug":"salsa-de-soya-natural-de-5-litros","status":"publish","type":"product","link":"https:\/\/satoru.com.mx\/?product=salsa-de-soya-natural-de-5-litros","title":{"rendered":"Salsa de soya natural de 5 Litros"},"content":{"rendered":"<p>Bid\u00f3n de salsa de soya satural de 5 litros.<\/p>\n<p>La salsa de soya es unos de los condimentos que m\u00e1s beneficios nos aporta ya que contiene gran variedad de nutrientes. En ella podemos encontrar prote\u00ednas y fibra, se usa como sazonador para diferentes platillos y es baja en calor\u00edas. Ideal para acompa\u00f1ar verduras, arroz, empanizados, carnes, sushi, etc.<\/p>\n","protected":false},"excerpt":{"rendered":"<p>Bid\u00f3n de salsa de soya satural de 5 litros.<\/p>\n<p>La salsa de soya es unos de los condimentos que m\u00e1s beneficios nos aporta ya que contiene gran variedad de nutrientes. En ella podemos encontrar prote\u00ednas y fibra, se usa como sazonador para diferentes platillos y es baja en calor\u00edas. Ideal para acompa\u00f1ar verduras, arroz, empanizados, carnes, sushi, etc.<\/p>\n","protected":false},"featured_media":6625,"comment_status":"closed","ping_status":"closed","template":"","meta":{"_uf_show_specific_survey":0,"_uf_disable_surveys":false},"product_cat":[19,339,320],"product_tag":[381],"aioseo_notices":[],"jetpack_sharing_enabled":true,"_links":{"self":[{"href":"https:\/\/satoru.com.mx\/index.php?rest_route=\/wp\/v2\/product\/5330"}],"collection":[{"href":"https:\/\/satoru.com.mx\/index.php?rest_route=\/wp\/v2\/product"}],"about":[{"href":"https:\/\/satoru.com.mx\/index.php?rest_route=\/wp\/v2\/types\/product"}],"replies":[{"embeddable":true,"href":"https:\/\/satoru.com.mx\/index.php?rest_route=%2Fwp%2Fv2%2Fcomments&post=5330"}],"wp:featuredmedia":[{"embeddable":true,"href":"https:\/\/satoru.com.mx\/index.php?rest_route=\/wp\/v2\/media\/6625"}],"wp:attachment":[{"href":"https:\/\/satoru.com.mx\/index.php?rest_route=%2Fwp%2Fv2%2Fmedia&parent=5330"}],"wp:term":[{"taxonomy":"product_cat","embeddable":true,"href":"https:\/\/satoru.com.mx\/index.php?rest_route=%2Fwp%2Fv2%2Fproduct_cat&post=5330"},{"taxonomy":"product_tag","embeddable":true,"href":"https:\/\/satoru.com.mx\/index.php?rest_route=%2Fwp%2Fv2%2Fproduct_tag&post=5330"}],"curies":[{"name":"wp","href":"https:\/\/api.w.org\/{rel}","templated":true}]}}