{"id":5328,"date":"2024-03-12T16:11:26","date_gmt":"2024-03-12T16:11:26","guid":{"rendered":"https:\/\/satoru.com.mx\/?product=salsa-de-soya-kikkoman-18-9-litros-cubeta"},"modified":"2024-11-12T18:06:57","modified_gmt":"2024-11-12T18:06:57","slug":"salsa-de-soya-kikkoman-18-9-litros-cubeta","status":"publish","type":"product","link":"https:\/\/satoru.com.mx\/?product=salsa-de-soya-kikkoman-18-9-litros-cubeta","title":{"rendered":"Salsa de soya kikkoman 18.9 Litros (Cubeta)"},"content":{"rendered":"<p>1 Cubeta de Salsa de Soya Kikkoman de 5gal \/ 18.9 litros (SOYA KIKOMAN)<\/p>\n<p>La salsa de soya es unos de los condimentos que m\u00e1s beneficios nos aporta a nuestro organismo ya que contiene gran variedad de nutrientes. En ella podemos encontrar prote\u00ednas y fibra, se usa como sazonador para diferentes platillos y baja en calor\u00ed\u00adas. Es ideal para acompa\u00f1ar verduras, arroz, empanizados, carnes, sushi, etc.<\/p>\n","protected":false},"excerpt":{"rendered":"<p>1 Cubeta de Salsa de Soya Kikkoman de 5gal \/ 18.9 litros (SOYA KIKOMAN)<\/p>\n<p>La salsa de soya es unos de los condimentos que m\u00e1s beneficios nos aporta a nuestro organismo ya que contiene gran variedad de nutrientes. En ella podemos encontrar prote\u00ednas y fibra, se usa como sazonador para diferentes platillos y baja en calor\u00ed\u00adas. Es ideal para acompa\u00f1ar verduras, arroz, empanizados, carnes, sushi, etc.<\/p>\n","protected":false},"featured_media":0,"comment_status":"closed","ping_status":"closed","template":"","meta":{"_uf_show_specific_survey":0,"_uf_disable_surveys":false},"product_cat":[19],"product_tag":[381],"aioseo_notices":[],"jetpack_sharing_enabled":true,"_links":{"self":[{"href":"https:\/\/satoru.com.mx\/index.php?rest_route=\/wp\/v2\/product\/5328"}],"collection":[{"href":"https:\/\/satoru.com.mx\/index.php?rest_route=\/wp\/v2\/product"}],"about":[{"href":"https:\/\/satoru.com.mx\/index.php?rest_route=\/wp\/v2\/types\/product"}],"replies":[{"embeddable":true,"href":"https:\/\/satoru.com.mx\/index.php?rest_route=%2Fwp%2Fv2%2Fcomments&post=5328"}],"wp:attachment":[{"href":"https:\/\/satoru.com.mx\/index.php?rest_route=%2Fwp%2Fv2%2Fmedia&parent=5328"}],"wp:term":[{"taxonomy":"product_cat","embeddable":true,"href":"https:\/\/satoru.com.mx\/index.php?rest_route=%2Fwp%2Fv2%2Fproduct_cat&post=5328"},{"taxonomy":"product_tag","embeddable":true,"href":"https:\/\/satoru.com.mx\/index.php?rest_route=%2Fwp%2Fv2%2Fproduct_tag&post=5328"}],"curies":[{"name":"wp","href":"https:\/\/api.w.org\/{rel}","templated":true}]}}