{"id":5300,"date":"2024-03-12T16:11:20","date_gmt":"2024-03-12T16:11:20","guid":{"rendered":"https:\/\/satoru.com.mx\/?product=paquete-para-hacer-sushi-con-alga-nori-arroz-vinagre-de-arroz-y-utensilios"},"modified":"2025-04-30T17:34:42","modified_gmt":"2025-04-30T17:34:42","slug":"paquete-para-hacer-sushi-con-alga-nori-arroz-vinagre-de-arroz-y-utensilios","status":"publish","type":"product","link":"https:\/\/satoru.com.mx\/?product=paquete-para-hacer-sushi-con-alga-nori-arroz-vinagre-de-arroz-y-utensilios","title":{"rendered":"Paquete para hacer Sushi con Alga nori, Arroz, Vinagre de arroz y Utensilios"},"content":{"rendered":"<p>Paquete B\u00e1sico para hacer Sushi SATORU!<br \/>\n\u00a1A UN SUPER PRECIO!!!<br \/>\nCon este gran paquete tendr\u00e1s lo necesario para hacer rollos de sushi donde quiera que est\u00e9s, es f\u00e1cil y muy divertido!<br \/>\nEl paquete Incluye:<br \/>\n1 Paquete de Alga Marina (Nori) Satoru c\/10 Hojas Satoru<br \/>\n1 PIEZA de Arroz Japon\u00e9s Satoru de 700g<br \/>\n1 Botella de Vinagre de arroz de 275ml Satoru<br \/>\n1 Kit de Utensilios Para Preparar Sushi &#8220;Sushi Maker SATORU&#8221;<\/p>\n<p>Como referencia, el KIT SUSHI MAKER SATORU, contiene:<br \/>\n1 Makisu (tapete de bamb\u00fa)<br \/>\n1 Shamoji (pala de Bamb\u00fa \u00fatil para mezclar el arroz)<br \/>\n5 Pares de Ohashi<br \/>\n5 Entrenadores (facilitan el uso de los palillos)<\/p>\n","protected":false},"excerpt":{"rendered":"<p>Paquete B\u00e1sico para hacer Sushi SATORU!<br \/>\n\u00a1A UN SUPER PRECIO!!!<br \/>\nCon este gran paquete tendr\u00e1s lo necesario para hacer rollos de sushi donde quiera que est\u00e9s, es f\u00e1cil y muy divertido!<br \/>\nEl paquete Incluye:<br \/>\n1 Paquete de Alga Marina (Nori) Satoru c\/10 Hojas Satoru<br \/>\n1 PIEZA de Arroz Japon\u00e9s Satoru de 700g<br \/>\n1 Botella de Vinagre de arroz de 275ml Satoru<br \/>\n1 Kit de Utensilios Para Preparar Sushi &#8220;Sushi Maker SATORU&#8221;<\/p>\n<p>Como referencia, el KIT SUSHI MAKER SATORU, contiene:<br \/>\n1 Makisu (tapete de bamb\u00fa)<br \/>\n1 Shamoji (pala de Bamb\u00fa \u00fatil para mezclar el arroz)<br \/>\n5 Pares de Ohashi<br \/>\n5 Entrenadores (facilitan el uso de los palillos)<\/p>\n","protected":false},"featured_media":4038,"comment_status":"closed","ping_status":"closed","template":"","meta":{"_uf_show_specific_survey":0,"_uf_disable_surveys":false},"product_cat":[320],"product_tag":[323,324,321,322],"aioseo_notices":[],"jetpack_sharing_enabled":true,"_links":{"self":[{"href":"https:\/\/satoru.com.mx\/index.php?rest_route=\/wp\/v2\/product\/5300"}],"collection":[{"href":"https:\/\/satoru.com.mx\/index.php?rest_route=\/wp\/v2\/product"}],"about":[{"href":"https:\/\/satoru.com.mx\/index.php?rest_route=\/wp\/v2\/types\/product"}],"replies":[{"embeddable":true,"href":"https:\/\/satoru.com.mx\/index.php?rest_route=%2Fwp%2Fv2%2Fcomments&post=5300"}],"wp:featuredmedia":[{"embeddable":true,"href":"https:\/\/satoru.com.mx\/index.php?rest_route=\/wp\/v2\/media\/4038"}],"wp:attachment":[{"href":"https:\/\/satoru.com.mx\/index.php?rest_route=%2Fwp%2Fv2%2Fmedia&parent=5300"}],"wp:term":[{"taxonomy":"product_cat","embeddable":true,"href":"https:\/\/satoru.com.mx\/index.php?rest_route=%2Fwp%2Fv2%2Fproduct_cat&post=5300"},{"taxonomy":"product_tag","embeddable":true,"href":"https:\/\/satoru.com.mx\/index.php?rest_route=%2Fwp%2Fv2%2Fproduct_tag&post=5300"}],"curies":[{"name":"wp","href":"https:\/\/api.w.org\/{rel}","templated":true}]}}