{"id":5273,"date":"2024-03-12T16:11:06","date_gmt":"2024-03-12T16:11:06","guid":{"rendered":"https:\/\/satoru.com.mx\/?product=paquete-de-2-cuchillos-de-bambu-para-chef-y-pan"},"modified":"2024-11-12T18:06:52","modified_gmt":"2024-11-12T18:06:52","slug":"paquete-de-2-cuchillos-de-bambu-para-chef-y-pan","status":"publish","type":"product","link":"https:\/\/satoru.com.mx\/?product=paquete-de-2-cuchillos-de-bambu-para-chef-y-pan","title":{"rendered":"Paquete de 2 cuchillos de bamb\u00fa para chef y pan"},"content":{"rendered":"<p>El paquete Incluye :<br \/>\n1 Cuchillo de Bamb\u00fa para Chef<br \/>\n1 Cuchillo de Bamb\u00fa para Pan<br \/>\nNuestro cuchillo es biodegradable, una vez terminada la vida \u00fatil del producto y de sus materiales, estos puedan ser f\u00e1cilmente reintegrados mediante biodegradaci\u00f3n o compostaje en el medio ambiente.<\/p>\n<p>Elaborado 100% de cultivo ecol\u00f3gico de bamb\u00fa, un recurso renovable que hace que sea una gran opci\u00f3n al momento de elegir un nuevo cuchillo para su cocina.<br \/>\nSe recomienda usar, lavar y secar inmediatamente. El filo se puede recuperar con una lija suave de madera.<\/p>\n<p>Uso: Se puede utilizar para alimentos blandos como frutas y verduras, quesos, pan.<\/p>\n","protected":false},"excerpt":{"rendered":"<p>El paquete Incluye :<br \/>\n1 Cuchillo de Bamb\u00fa para Chef<br \/>\n1 Cuchillo de Bamb\u00fa para Pan<br \/>\nNuestro cuchillo es biodegradable, una vez terminada la vida \u00fatil del producto y de sus materiales, estos puedan ser f\u00e1cilmente reintegrados mediante biodegradaci\u00f3n o compostaje en el medio ambiente.<\/p>\n<p>Elaborado 100% de cultivo ecol\u00f3gico de bamb\u00fa, un recurso renovable que hace que sea una gran opci\u00f3n al momento de elegir un nuevo cuchillo para su cocina.<br \/>\nSe recomienda usar, lavar y secar inmediatamente. El filo se puede recuperar con una lija suave de madera.<\/p>\n<p>Uso: Se puede utilizar para alimentos blandos como frutas y verduras, quesos, pan.<\/p>\n","protected":false},"featured_media":3975,"comment_status":"closed","ping_status":"closed","template":"","meta":{"_uf_show_specific_survey":0,"_uf_disable_surveys":false},"product_cat":[277],"product_tag":[278,279,280],"aioseo_notices":[],"jetpack_sharing_enabled":true,"_links":{"self":[{"href":"https:\/\/satoru.com.mx\/index.php?rest_route=\/wp\/v2\/product\/5273"}],"collection":[{"href":"https:\/\/satoru.com.mx\/index.php?rest_route=\/wp\/v2\/product"}],"about":[{"href":"https:\/\/satoru.com.mx\/index.php?rest_route=\/wp\/v2\/types\/product"}],"replies":[{"embeddable":true,"href":"https:\/\/satoru.com.mx\/index.php?rest_route=%2Fwp%2Fv2%2Fcomments&post=5273"}],"wp:featuredmedia":[{"embeddable":true,"href":"https:\/\/satoru.com.mx\/index.php?rest_route=\/wp\/v2\/media\/3975"}],"wp:attachment":[{"href":"https:\/\/satoru.com.mx\/index.php?rest_route=%2Fwp%2Fv2%2Fmedia&parent=5273"}],"wp:term":[{"taxonomy":"product_cat","embeddable":true,"href":"https:\/\/satoru.com.mx\/index.php?rest_route=%2Fwp%2Fv2%2Fproduct_cat&post=5273"},{"taxonomy":"product_tag","embeddable":true,"href":"https:\/\/satoru.com.mx\/index.php?rest_route=%2Fwp%2Fv2%2Fproduct_tag&post=5273"}],"curies":[{"name":"wp","href":"https:\/\/api.w.org\/{rel}","templated":true}]}}