{"id":5239,"date":"2024-03-12T16:10:48","date_gmt":"2024-03-12T16:10:48","guid":{"rendered":"https:\/\/satoru.com.mx\/?product=jengibre-encurtido-rosa-gari-pink-de-9-07-kilos"},"modified":"2025-04-03T17:19:31","modified_gmt":"2025-04-03T17:19:31","slug":"jengibre-encurtido-rosa-gari-pink-de-9-07-kilos","status":"publish","type":"product","link":"https:\/\/satoru.com.mx\/?product=jengibre-encurtido-rosa-gari-pink-de-9-07-kilos","title":{"rendered":"Jengibre encurtido Rosa, (Gari pink) de 9.07 kilos"},"content":{"rendered":"<p>Su sabor fuerte y condimentado aumenta con un m\u00e9todo de preparaci\u00f3n, el encurtido en una soluci\u00f3n de vinagre y otros condimentos.<\/p>\n<p>Se toma en el cambio de tipo de pescados para limpiar el paladar y apreciar el sabor de cada ingrediente.<\/p>\n","protected":false},"excerpt":{"rendered":"<p><strong>Contenido: 1 Cubeta con Gari Jengibre Encurtido Rosa de 20lbs \/ 9.07Kg<\/strong><\/p>\n<p>Su sabor fuerte y condimentado aumenta con un m\u00e9todo de preparaci\u00f3n, el encurtido en una soluci\u00f3n de vinagre y otros condimentos.<\/p>\n","protected":false},"featured_media":4282,"comment_status":"closed","ping_status":"closed","template":"","meta":{"_uf_show_specific_survey":0,"_uf_disable_surveys":false},"product_cat":[19,339],"product_tag":[319,316,317],"aioseo_notices":[],"jetpack_sharing_enabled":true,"_links":{"self":[{"href":"https:\/\/satoru.com.mx\/index.php?rest_route=\/wp\/v2\/product\/5239"}],"collection":[{"href":"https:\/\/satoru.com.mx\/index.php?rest_route=\/wp\/v2\/product"}],"about":[{"href":"https:\/\/satoru.com.mx\/index.php?rest_route=\/wp\/v2\/types\/product"}],"replies":[{"embeddable":true,"href":"https:\/\/satoru.com.mx\/index.php?rest_route=%2Fwp%2Fv2%2Fcomments&post=5239"}],"wp:featuredmedia":[{"embeddable":true,"href":"https:\/\/satoru.com.mx\/index.php?rest_route=\/wp\/v2\/media\/4282"}],"wp:attachment":[{"href":"https:\/\/satoru.com.mx\/index.php?rest_route=%2Fwp%2Fv2%2Fmedia&parent=5239"}],"wp:term":[{"taxonomy":"product_cat","embeddable":true,"href":"https:\/\/satoru.com.mx\/index.php?rest_route=%2Fwp%2Fv2%2Fproduct_cat&post=5239"},{"taxonomy":"product_tag","embeddable":true,"href":"https:\/\/satoru.com.mx\/index.php?rest_route=%2Fwp%2Fv2%2Fproduct_tag&post=5239"}],"curies":[{"name":"wp","href":"https:\/\/api.w.org\/{rel}","templated":true}]}}